?
-1
Calculate (-3 - (-3 - -6)) + 2.
-4
What is 5 - (9 - 10 - 1)?
7
What is (12 - 2) + (-31 - -25)?
4
6 + -3 + 1 - 1
3
What is (6 - (-8 - -10)) + (1 - 8)?
-3
What is the value of -3 - ((-5 - (-17 - 1)) + -7)?
-9
What is the value of -37 - -34 - (-1 - (2 + 1))?
1
Calculate 5 - 3 - 3 - 1 - -3.
1
1 + 9 + (-51 - -33)
-8
Calculate 17 + -20 + 9 - (1 + 4).
1
-2 + -4 - (3 - 5)
-4
1 + 4 + 0 - (28 + -19)
-4
What is (-5 - -2) + 2 + -1?
-2
2 + (-9 - (-6 - (-6 + 7)))
0
Evaluate -2 - 1 - (-7 + (1 - 2)).
5
What is the value of 11 - (5 - 2) - 5?
3
Calculate (0 - (5 + -1 + 2)) + 1.
-5
Calculate 5 - (3 - 4) - 16 - -5.
-5
Evaluate -4 + 6 + (-1 - 2 - 0).
-1
What is -10 + (7 - 3) - -2?
-4
-6 + -1 + 12 + -2
3
Calculate -3 - (0 - (0 - -5)).
2
What is 4 + -1 + (-7 - -6) + -4?
-2
5 - 4 - (0 - -3) - 2
-4
Evaluate -9 - (6 + -12 - -1).
-4
6 + -10 - (2 + -4)
-2
(0 - 0) + 1 + (28 - 29)
0
Evaluate 2 + -10 + -21 + 23 + -4.
-10
What is -1 - -3 - (-2 + (2 - 0))?
2
What is 4 + (1 - 3) - -4?
6
-4 + (4 - 5) + 4 + -1
-2
What is -4 + 3 + -1 + 8 + -4?
2
Evaluate 6 - ((-2 - -6) + 8).
-6
What is the value of 2 - (-7 - -12) - (-1 + -8)?
6
What is -1 - -6 - (58 + -59)?
6
What is the value of 2 - 5 - ((-3 - -4) + -8)?
4
Evaluate 1 - -12 - 5 - 5.
3
Evaluate 3 + 3 + -6 - -1.
1
Calculate -1 + -7 + 2 - (-10 - 0).
4
What is the value of 11 - (2 + 9) - (-1 - 0)?
1
12 - 4 - (1 - -1)
6
Calculate (15 - 21) + 1 + 1 + 6.
2
Calculate (0 - -4 - -1) + -7.
-2
What is the value of -1 - 3 - (4 + (-12 - -4))?
0
What is (-5 - (-2 + 2)) + (3 - -9)?
7
What is the value of -12 + 6 + -9 - -6?
-9
What is -5 - (-6 + 4) - -6?
3
What is the value of (-1 - (-5 + 1) - -1) + 1?
5
Evaluate 7 + 2 + -1 + -6 + 2.
4
4 + (-1 - 2) - -4
5
What is 0 - (-2 - (5 + -10))?
-3
What is (0 - 2) + (6 - 3)?
1
What is -16 + (16 - (2 + 4))?
-6
What is the value of -1 + (-4 - 4) - -8?
-1
Evaluate 2 - (-5 + 7) - 4.
-4
Calculate (2 + 7 - 3 - 5) + -9.
-8
What is -5 - (-12 - (-3 - -2))?
6
Calculate -1 + -1 + (-12 - -13).
-1
What is (-7 - -12 - 3) + -5 + 0?
-3
1 - (-7 + -3) - 5
6
Calculate 10 - (10 - (3 + 3)) - 11.
-5
(-1 - 7) + (0 - -5)
-3
Calculate 0 + -6 - (-31 - -23).
2
0 - (-8 + 3 + -3)
8
-1 + 1 + -4 + 7 + 1
4
What is the value of (-3 - 0) + 13 + 18 + -24?
4
-4 - (-1 - 1) - (-20 + 18)
0
(-1 + 6 - -1) + -2 + -1
3
What is the value of (-4 + 4 - (-4 + 5)) + -5?
-6
Calculate (-3 - -3) + 3 + -5 + 1.
-1
Calculate -1 + -3 + (4 - (-3 - -7)).
-4
What is the value of 0 - (-6 + 4 - -3)?
-1
Calculate -4 + 2 + (2 - -6).
6
Calculate 0 + (3 - (0 + -4 - -3)).
4
What is 1 + (-11 + 7 - (2 + 0))?
-5
Calculate -34 - -38 - (-9 + 3).
10
What is 7 + (-10 - -6) + (4 - 2)?
5
2 - (-3 + (13 - 2))
-6
What is the value of -84 + 90 - (3 + 0)?
3
Evaluate (-4 - -1) + (-8 - (-15 - -9)).
-5
What is 6 - (-10 - -15) - (-4 - 0)?
5
Evaluate (-7 - -2) + 0 - (13 - 17).
-1
What is the value of 0 - (11 - 8) - -13?
10
What is 0 + 4 + (-1 - -1 - -1)?
5
What is -7 + 2 - (1 - 3) - -2?
-1
Calculate (-1 - -1) + 10 - (-3 - -8).
5
(6 - 3) + -4 + -4
-5
2 + 4 + -2 + 23 + -27
0
What is the value of 0 - 9 - (4 + -9 - -1)?
-5
Calculate -1 + (-1 - 2) - -3.
-1
Calculate 2 + -3 - (3 + 0).
-4
Calculate (0 - 10 - -2) + 3 + 0.
-5
Evaluate 1 + 4 - (-4 + 12 - 5).
2
(8 - (1 + -2)) + (-5 - 0)
4
What is -20 + (2 - -7) - -11?
0
What is -3 + -2 + -4 + (10 - 6)?
-5
Calculate (-13 - -10) + 6 + 3.
6
Evaluate -6 + 5 + -1 + 1.
-1
Calculate (0 - 4) + (10 - 2).
4
What is 0 - (-2 - -5) - (-44 - -42)?
-1
What is (-3 - 0) + (10 - 1) - 10?
-4
What is the value of 8 + -2 + (8 - 12)?
2
10 - (4 - (2 - 3))
5
-2 - 1 - (-1 + -2) - 4
-4
What is the value of 0 + 1 + (-17 - -14)?
-2
What is the value of -11 - (6 - (19 + -6))?
-4
What is the value of 4 - (7 - (-1 + 3)) - -4?
3
Evaluate 0 + 2 - (-11 - -16).
-3
Calculate -1 - (4 - 4 - -1) - -6.
4
What is the value of 12 + -10 + 6 - (4 - 1)?
5
What is -11 + ((-10 - -5) + 2 - -7)?
-7
0 + (-1 - -1) + 3 + -8
-5
-2 - (-8 + -1 + 4)
3
-2 + (-3 - -4 - 5) - -1
-5
Calculate 43 + -45 - (-1 + 4).
-5
-4 + (-3 - (2 - 10)) + -1
0
What is the value of 12 + -13 + 1 + 6 + -5?
1
Evaluate -24 + 29 - (-1 - (-1 + -1)).
4
Evaluate 2 - (-2 - (1 - 4)).
1
Calculate (4 - -1) + (1 - 3).
3
What is the value of 53 + -57 - ((0 - 5) + 2)?
-1
What is 1 + -6 + 3 + 1?
-1
What is the value of -3 - (-2 - 1 - 5)?
5
Evaluate (-10 - -6) + 2 + 2 - -4.
4
Evaluate (2 - -3) + -4 + 7 + -5.
3
What is the value of 0 + -2 + -1 + 1 + 7?
5
Calculate -3 + -1 - (8 + (-3 - 4)).
-5
Calculate -4 + 16 + (-10 - -7).
9
What is 4 + 3 + -7 - 4 - -5?
1
Calculate -1 + -2 - -11 - 11.
-3
Evaluate 6 - 0 - (23 - 20).
3
-2 + (5 - 1) + -4
-2
What is the value of -7 + (3 - 6 - (1 - 6))?
-5
What is the value of (-6 - (-1 + -2 + 0)) + 3?
0
Evaluate 10 - 2 - (46 + -49).
11
What is the value of -2 - (4 + 0 + (32 - 37))?
-1
Evaluate -1 + 7 + (-9 - 2).
-5
What is (-4 - -13 - 1 - 6) + 8?
10
Evaluate 1 + (-1 - (2 - 4)) + -7.
-5
4 + -7 + -3 - (-16 - -3)
7
Calculate 5 - ((2 - 6) + (0 - -9)).
0
Calculate 5 + (-7 - -1) + 8.
7
What is -7 + (-5 - -14) + -6?
-4
Calculate 10 + -2 + 0 + 4 + -6.
6
What is the value of 2 - 4 - (0 + (15 - 7))?
-10
0 - -5 - (8 - (-2 + 9))
4
Evaluate 8 + 1 + -1 + -7 + 6.
7
What is 2 + 0 + 1 + -2 - 1?
0
What is the value of (-5 - 0) + (4 - 13 - -14)?
0
Calculate -4 + (-4 - (4 + -17) - 7).
-2
Evaluate -6 - (-9 - (1 + -1) - -4).
-1
What is the value of -5 + (3 - -4 - 2)?
0
-2 - (10 - 6) - -3
-3
What is the value of 41 + -55 + (1 - -7)?
-6
What is 2 + -3 + (0 - -6 - 12)?
-7
Evaluate 13 - (0 + 2 + 4).
7
-1 + -3 - (-2 + 3 + 0)
-5
Calculate (-3 - -1 - -1) + 4.
3
-2 - ((6 - 1) + -5)
-2
Evaluate (-8 + 4 - -2) + (0 - 3).
-5
What is the value of 8 + -17 - -7 - (0 + 3)?
-5
11 + 3 - (22 + -19)
11
0 + -5 + (7 - 4) + 5
3
What is the value of 6 + -6 + 2 + (-1 - -2)?
3
What is the value of -3 - (17 + -9) - -14?
3
What is the value of 4 + (-7 - (5 - 5 - 14))?
11
What is the value of (-1 - -6) + (1 - 2)?
4
What is the value of (-3 + 0 - -5 - 1) + 2?
3
Calculate 2 + (-2 + -1 - -4) + -2.
1
Calculate -8 + 3 + 12 - 10.
-3
What is 7 - (-7 + 2) - 13?
-1
-2 + 1 + -3 + 2
-2
Calculate 4 + 3 - (3 - -1).
3
Evaluate (10 - 1) + (-1 - 9).
-1
Evaluate 1 - (7 - 13 - -12).
-5
What is (117 - 108) + -8 + -2?
-1
6 - (13 + (4 - 6)) - -14
9
Calculate 0 + (0 + -1 - (-1 + 0)).
0
Calculate (5 + -8 - 0) + -1.
-4
Evaluate (-5 - -4 - 2) + -1 + -1.
-5
What is 5 + -2 + (16 - 7) + -4?
8
Evaluate 9 + -7 + 1 - 8.
-5
Calculate (-4 + 6 - 4) + 3.
1
Calculate 4 - 10 - (-5 + (5 - 4)).
-2
-1 + (5 - 5) - -2
1
What is the value of 4 + -3 + 0 + (-29 - -21)?
-7
-2 - 1 - (1 - 2 - 4)
2
-4 - (-1 + 1 + -3)
-1
Evaluate 0 + 9 + 1 - (-130 - -136).
4
Calculate 1 + 0 - (7 - 10 - -5).
-1
What is the value of -6 + (-12 - -2 - -12)?
-4
What is (1 - 2) + -2 + (10 - 3)?
4
Evaluate -3 + (2 - 6) + 4.
-3
What is 3 + -2 + -7 + 1?
-5
(-8 - -13) + 1 + -14 + 0
-8
Evaluate 2 - 1 - ((-6 - -4) + 5).
-2
(4 - (8 - 3)) + 0 + 0
-1
Evaluate -1 - -8 - (-2 - -14).
-5
Evaluate 1 + -2 - -1 - -1.
1
What is the value of -6 + 13 + 6 + -14?
-1
Evaluate 3 + 2 + 0 + -3.
2
Calculate -4 + 7 + -1 - (-11 - -16).
-3
Evaluate -9 + 5 + -9 + 9.
-4
What is -3 + (-4 - ((-1 - 1) + 0))?
-5
Evaluate -4 - (2 + -2 + -9).
5
What is the value of 1 + (2 - 4) + -1?
-2
Evaluate 3 + (-13 - -9 - (2 - 0)).
-3
Calculate (3 - 6) + -1 - -6.
2
What is (-4 - -4 - -7) + (1 - 3)?
5
-8 + (2 - 4) + 5
-5
Calculate 7 - 5 - (0 + -2) - 8.
-4
-13 + (11 - (0 - -4))
-6
0 - (1 - (-1 + 4))
2
What is -13 + 7 - (-7 + 1) - -4?
4
Calculate 1 + 0 + -1 + (6 - 5).
1
What is -4 - (-13 - -8 - -7)?
-6
2 - (1 - ((3 - 1) + -2))
1
23 + -13 + 0 - (-1 + 10)
1
What is -1 + (-10 - -3) + 9?
1
Calculate -2 - ((-1 + 1 - 5) + 5).
-2
What is -1 + 0 - (-34 + 32)?
1
What is the value of -1 - ((2 - 6) + 2 - 2)?
3
Calculate 5 - 5 - 0 - -2.
2
Calculate 0 + -3 + (6 - -1).
4
Calculate (1 - 13) + (-70 - -78).
-4
(-12 - -8) + (-2 - -6)
0
3 - (4 - 8) - 3
4
Calculate (-8 - 0) + (-3 - -9 - 3).
-5
What is the value of 2 + (2 + 2 - (-1 - -2))?
5
What is (6 - (-2 + 6)) + -1?
1
Calculate -4 - -8 - (1 + -1).
4
Evaluate (3 - (-6 - -4)) + -4.
1
5 - ((-11 - -9) + 2)
5
What is -5 + (-4 - (0 + -4))?
-5
What is the value of -4 + (2 + 2 - 4)?
-4
What is the value of 4 + (1 - (-7 + 1 + 4))?
7
-7 + (6 - (-2 + -2 + 7))
-4
Evaluate -4 + 7 + -10 + 3.
-4
Evaluate 1 + 2 + -8 + 1 + 2.
-2
Calculate 5 - (-2 - -5) - 8 - 0.